{"id":38,"date":"2020-05-19T13:36:46","date_gmt":"2020-05-19T13:36:46","guid":{"rendered":"http:\/\/musi.zgora.pl\/?page_id=38"},"modified":"2020-05-28T09:02:55","modified_gmt":"2020-05-28T09:02:55","slug":"wynajem-pomieszczen","status":"publish","type":"page","link":"http:\/\/musi.zgora.pl\/?page_id=38","title":{"rendered":"WYNAJEM POMIESZCZE\u0143"},"content":{"rendered":"\n<div class=\"wp-block-columns is-layout-flex wp-container-core-columns-is-layout-1 wp-block-columns-is-layout-flex\">\n<div class=\"wp-block-column is-layout-flow wp-block-column-is-layout-flow\" style=\"flex-basis:33.33%\">\n<figure class=\"wp-block-image size-large\"><img loading=\"lazy\" decoding=\"async\" width=\"1024\" height=\"768\" src=\"http:\/\/musi.zgora.pl\/wp-content\/uploads\/2020\/05\/puzzlehouse-1024x768.jpg\" alt=\"\" class=\"wp-image-83\" srcset=\"http:\/\/musi.zgora.pl\/wp-content\/uploads\/2020\/05\/puzzlehouse-1024x768.jpg 1024w, http:\/\/musi.zgora.pl\/wp-content\/uploads\/2020\/05\/puzzlehouse-300x225.jpg 300w, http:\/\/musi.zgora.pl\/wp-content\/uploads\/2020\/05\/puzzlehouse-768x576.jpg 768w, http:\/\/musi.zgora.pl\/wp-content\/uploads\/2020\/05\/puzzlehouse-1536x1152.jpg 1536w, http:\/\/musi.zgora.pl\/wp-content\/uploads\/2020\/05\/puzzlehouse-830x623.jpg 830w, http:\/\/musi.zgora.pl\/wp-content\/uploads\/2020\/05\/puzzlehouse-230x173.jpg 230w, http:\/\/musi.zgora.pl\/wp-content\/uploads\/2020\/05\/puzzlehouse.jpg 1920w\" sizes=\"(max-width: 1024px) 100vw, 1024px\" \/><\/figure>\n<\/div>\n\n\n\n<div class=\"wp-block-column is-layout-flow wp-block-column-is-layout-flow\" style=\"flex-basis:66.66%\">\n<p><span style=\"color: #000000; font-size: large;\">Nasza firma oferuje do wynaj\u0119cia pomieszczenia biurowe, hale i tereny zewn\u0119trzne zlokalizowane w atrakcyjnych miejscach Zielonej G\u00f3ry przy ul. Fabrycznej i Elektronowej.<\/span><\/p>\n<\/div>\n<\/div>\n","protected":false},"excerpt":{"rendered":"<p>Nasza firma oferuje do wynaj\u0119cia pomieszczenia biurowe, hale i tereny zewn\u0119trzne zlokalizowane w atrakcyjnych miejscach Zielonej G\u00f3ry przy ul. Fabrycznej i Elektronowej.<\/p>\n","protected":false},"author":1,"featured_media":0,"parent":0,"menu_order":0,"comment_status":"closed","ping_status":"closed","template":"","meta":{"pagelayer_contact_templates":[],"_pagelayer_content":"","footnotes":""},"class_list":["post-38","page","type-page","status-publish","hentry"],"_links":{"self":[{"href":"http:\/\/musi.zgora.pl\/index.php?rest_route=\/wp\/v2\/pages\/38"}],"collection":[{"href":"http:\/\/musi.zgora.pl\/index.php?rest_route=\/wp\/v2\/pages"}],"about":[{"href":"http:\/\/musi.zgora.pl\/index.php?rest_route=\/wp\/v2\/types\/page"}],"author":[{"embeddable":true,"href":"http:\/\/musi.zgora.pl\/index.php?rest_route=\/wp\/v2\/users\/1"}],"replies":[{"embeddable":true,"href":"http:\/\/musi.zgora.pl\/index.php?rest_route=%2Fwp%2Fv2%2Fcomments&post=38"}],"version-history":[{"count":2,"href":"http:\/\/musi.zgora.pl\/index.php?rest_route=\/wp\/v2\/pages\/38\/revisions"}],"predecessor-version":[{"id":123,"href":"http:\/\/musi.zgora.pl\/index.php?rest_route=\/wp\/v2\/pages\/38\/revisions\/123"}],"wp:attachment":[{"href":"http:\/\/musi.zgora.pl\/index.php?rest_route=%2Fwp%2Fv2%2Fmedia&parent=38"}],"curies":[{"name":"wp","href":"https:\/\/api.w.org\/{rel}","templated":true}]}}